 + 28 - 9, 0 = -s + o - 1. Is s + (p - -1*155) composite?
True
Suppose -5*t + 3*p = -16, 3*t - 2*t + p - 8 = 0. Let n(j) = 5*j**3 + 2*j**2 - 3*j + 17. Is n(t) a composite number?
False
Suppose -14*n = -16*n + 12. Suppose -n*x + 11198 = 4256. Is x a composite number?
True
Let j = 38 + -80. Let d = j + 44. Is d prime?
True
Let m be 14/(1 - 3/(-3)). Let c(h) = 23*h**2 - 4*h. Is c(m) a prime number?
False
Is 47240 + -107 + 1*-4 a prime number?
True
Suppose -2*o - 7*p + 422 = -3*p, -o + p + 211 = 0. Is o a composite number?
False
Let b be (-10)/4 + (-1)/2. Let a = -2 - b. Is a*((-3)/(-1) + 128) composite?
False
Let y(j) = -4*j - 5. Let p be y(-6). Suppose 17*q - 8 = p*q. Is (-1179)/q - (-2)/8 prime?
False
Suppose 11*s = 6*s + 10. Let z(y) = -y**s - 3*y + 0*y**2 + y + 2*y**2 + 9. Is z(10) composite?
False
Suppose 2*l + 0*l = -62. Let r(h) = -h**3 - 9*h**2 - 21*h - 14. Let g be r(-5). Let j = g - l. Is j a prime number?
False
Let a(v) = -29*v - 8. Suppose 1 = -3*i + 2*h + 24, -2*i = h - 20. Suppose 6*t - i = 7*t. Is a(t) prime?
False
Suppose -38*k + 39*k - 18943 = 0. Is k composite?
True
Let r = 77144 + -16789. Is r a composite number?
True
Suppose 6*l - 4*l = 0. Suppose l*s - 2*s + 10 = 0. Suppose -4*u - 3*x = -2164, -x + 2118 = s*u - 587. Is u a prime number?
True
Let o(k) = k + 4. Let g be o(-5). Let f(n) = 5*n**2 + n. Let r be f(g). Suppose 2*j = -r*p + 91 + 271, -368 = -2*j - 2*p. Is j a prime number?
False
Let i = 716 - -4439. Is i a composite number?
True
Suppose 4*h - 12 = 3*h. Suppose 0*z - h = -2*z. Suppose 0 = -2*n + z, 0 = 2*a + 5*n - 142 - 11. Is a a prime number?
False
Let g(h) = -181*h - 10. Is g(-5) a composite number?
True
Suppose 4*f = 3*o + 63836, -2*f = -f + 3*o - 15959. Is f a composite number?
False
Let x(b) = 14*b + 33. Let a be x(16). Suppose k - a = -0*k. Is k composite?
False
Let i(g) = 12*g**2 - 15*g - 54. Is i(13) composite?
True
Suppose 6*o - 16892 + 6368 = 0. Is o a composite number?
True
Suppose -359 = -g + 114. Let v be g/99 - (-4)/18. Is (-184)/(-5) - v/(-25) a prime number?
True
Let a = 358 + -38. Suppose -2*n + 9 + 119 = 3*w, 5*n = -2*w + a. Let i = n - 13. Is i a prime number?
False
Let v(o) = -2*o**2 + 7. Let t be v(-3). Let b = -14 - t. Is ((-133)/b)/(6/18) a prime number?
False
Suppose 6 = -3*l, 25 = 3*i - 3*l + 4*l. Let b(y) be the third derivative of 7*y**4/24 - 5*y**3/6 - 299*y**2. Is b(i) composite?
True
Let n = 6 - -2. Suppose 4*a - 4*t + n = 0, 2*a + 3*t = -0*t - 14. Is ((-62)/a)/(2/4) prime?
True
Is ((-189780)/100)/(6/(-20)) a prime number?
False
Suppose 3*c = 3*h + 471, -271 = 4*h - c + 342. Let j = 1145 + h. Is j composite?
True
Suppose 0 = 12*n - 23784 - 18756. Is n a composite number?
True
Let l be (-30)/9 - 4/6 - -7. Suppose -l*x = -2*m + 1265, 2*x = 2*m - 6*m + 2538. Is m composite?
True
Suppose -9*h + 4*h + 10 = 0. Suppose 2*c + h*c = 140. Is c a composite number?
True
Let r = 162 - 432. Suppose 3*d - 2260 = 5*q, 2*q = 2*d - 770 - 738. Let k = d + r. Is k composite?
True
Let f(i) = 100*i**2 - 6*i - 35. Is f(9) composite?
False
Suppose 2165 = 11*o - 7*o + 5*x, -3*o + 4*x = -1585. Is o prime?
False
Suppose 0 = -q + c + 4*c, 4*q - 3*c = -51. Let a be 1/(q/9 - -2). Suppose -n - 154 = -a*n. Is n composite?
True
Let z = 781 + -1126. Let v = 1178 - z. Is v a prime number?
True
Suppose 0*c + 6 = 3*t + c, 2*c - 10 = -4*t. Let q be (-3)/12 + (-15)/(-12). Is q*316/4*t composite?
False
Is (-2016 + -3)*76/(-12) prime?
False
Let o be (5 + -10)/(2 - (-213)/(-106)). Suppose 5*c - 219 = d + o, 5*c + 5*d - 725 = 0. Is c prime?
True
Let d(i) = -3*i**3 + 9*i**2 + 10*i - 9. Let s = -25 - -20. Is d(s) prime?
True
Suppose 0*c + 6*c + 2724 = 0. Let w = -135 - c. Is w a composite number?
True
Suppose -156 = -4*s + 228. Suppose -91*k = -s*k + 6985. Is k a prime number?
False
Let s = -116 - -190. Suppose -s = -n + 682. Suppose o + 1146 = 3*y, 0 = -2*y - 4*o + 2*o + n. Is y a composite number?
True
Suppose 2*g - 5*d - 119 = -g, 3*d = -4*g + 207. Suppose -45*t = -g*t + 429. Is t a composite number?
True
Suppose 2*k = -7 + 39. Let r = k + -11. Suppose -r*z + 576 = 4*b + 169, z - 81 = -b. Is z prime?
True
Let h = 7 + -2. Suppose 0 = -3*s - 3*p - 2 + h, 5 = 2*s + p. Suppose s*o - 68 = 2*o. Is o a prime number?
False
Is (-4)/((-1238679)/176949 - -7) a prime number?
True
Let b = -2884 + 5049. Is b prime?
False
Let b = -738 - -1243. Is b prime?
False
Suppose 17*l - 22*l = 777320. Is l/(-14) - (-7)/(98/6) a composite number?
True
Suppose -7 = 5*s - 3*q, 0*q - 2*q + 4 = -4*s. Let i be 2 - (0 - -2)*s. Is 341 + 1*(-2 - i) a composite number?
True
Let m = -653 + 1153. Let a(w) = w**2 - 26*w + 12. Let i be a(19). Let g = i + m. Is g a prime number?
True
Let t be ((-6)/(-9))/(8/36). Suppose t*a + 726 = 6*a. Suppose -2*n = -164 - a. Is n a composite number?
True
Let a(x) = -x**3 + 7*x**2 - 2*x + 2. Let r be a(7). Let g = -8 - r. Suppose 0 = g*t - 94 - 262. Is t prime?
True
Let u(l) = 2*l**2 - 5*l - 6. Suppose -4*w + 0*w = -12. Let c be w*((-4)/3 + -1). Is u(c) a prime number?
True
Let f be 1/(-2) + 180/24. Let z = -9 + 6. Is (f/2 + z)*526 a composite number?
False
Let q(t) = 11114*t**2 - 14*t + 14. Is q(1) a composite number?
True
Let g(f) = f**3 - 8*f**2 - f + 8. Let p be 35/4 - (-9)/(-12). Let y be g(p). Suppose y = 4*n - 3064 + 1152. Is n a composite number?
True
Let r(t) = -2*t**2 - 18*t + 23. Let d be r(-10). Suppose d*l = l + 534. Is l a prime number?
False
Let o = 1423 - -3566. Is o prime?
False
Let s = -1211 - -3604. Is s prime?
True
Is (113932/(-84))/(2/(-6)) a prime number?
False
Suppose -3*p - 6 = 0, 3*s + p = 4*s + 86. Is (-39)/12*(s + -4) a composite number?
True
Suppose 4*g = -3*z + 121406, 2*g - 227*z + 228*z - 60704 = 0. Is g composite?
True
Let q = 1362 - 729. Is q a composite number?
True
Let j be (-17)/(-1) + 8/(-4). Suppose j*y = 16*y - 2719. Is y composite?
False
Suppose 0 = 4*i - 3991 + 491. Suppose i = 2*c - 207. Is c composite?
False
Let v(z) = -18*z - 2. Let f be v(7). Let d = f + 249. Is d a prime number?
False
Suppose -3*h = 2*t - 4600, 2*h - 3*h + 5*t = -1522. Let v = h + -793. Is v a composite number?
False
Suppose -148*c + 121*c + 290817 = 0. Is c prime?
True
Let z = 502 - 126. Suppose 0 = -12*g + 16*g - z. Is g a prime number?
False
Let c be (-5 - 1)*(-5 - -6). Let i(d) = -d**2 - 2*d + 4. Let k be i(0). Is k/c*345/(-10) a composite number?
False
Let p = 122 - 116. Is p/(-2) - (-5)/(10/7388) prime?
True
Suppose -2*g = -w - 5013 - 7923, -2*w = 4*g - 25880. Is g prime?
True
Let b = -182 - -305. Is b composite?
True
Is (-1 - 175760/(-15))*(-3)/(-1) a composite number?
False
Let v = 67 - 36. Suppose v = 5*t + 11. Suppose 0 = -4*w + 2*h + 2164, -t*w - 3*h + 469 = -1695. Is w a composite number?
False
Is (-2328930)/36*4/(-10) a prime number?
False
Suppose 5*m = 6 - 1. Let c(z) = -254*z**2 + 1. Let i be c(m). Is 0/1 - (i + -4) a composite number?
False
Let q = 87018 + -48351. Is q a composite number?
True
Suppose -5*v - 3*s = 131, 5*s = v + v + 40. Let x be 5/v + (-1249)/5. Is -3*1 + x/(-5) composite?
False
Let h = -14911 + 26864. Is h a composite number?
False
Let p be 0 + 0 + -2 + 4. Suppose -2 = -t, 0 = 5*z + p*t - 7*t - 5. Suppose 85 + z = 4*r. Is r a prime number?
False
Let s be (-16)/(-10) + 12/30. Suppose -s*o + 428 = 5*i, 5*i - 637 = -3*o - 0*i. Is o a prime number?
False
Suppose 2 = k + 2*y - 0, -2*y - 2 = 0. Is 776/14*14/k prime?
False
Let h(k) = 47*k**3 + 3*k**2 + 15*k - 51. Let u(t) = -16*t**3 - t**2 - 5*t + 17. Let a(g) = -6*h(g) - 17*u(g). Is a(-7) prime?
True
Let i(w) = -20*w**2 + 1 - 24 + 3*w - 21*w**3 + 20*w**3. Is i(-22) a prime number?
False
Let r(s) = -163*s - 47. Suppose o = -2 - 6. Is r(o) a composite number?
True
Let f(i) = -i + 14. Let u(w) = -w**3 - 7*w**2 + 6*w - 4. Let x be u(-8). Let p be f(x). Suppose p*d + n = 426, -d + 0*n + 215 = n. Is d composite?
False
Let s(v) = 5 + 6 - 306*v - 2 + 2. Is s(-7) prime?
True
Let t(i) = 2264*i + 141. Is t(4) a prime number?
False
Let f(x) = 13*x**2 + 13*x + 37. Is f(-7) a composite number?
True
Let b = -7 + 9. Let p(x) = 89*x**3 + x + 3. Is p(b) a prime number?
False
Let t = -28394 - -41865. Let n = t - 3944. Is n a prime number?
False
Let s(w) = 999*w + 10. Let a be s(-2). Let h = a - -2867. Is h composite?
True
Let w = -1 - -9. Let n = -3 + w. Sup